 = k + c. Is j composite?
True
Let i(g) = -81305*g - 447. Is i(-2) a composite number?
True
Suppose 15*d - 1447446 - 2342131 = 4*d. Is d a prime number?
False
Let h(p) = 11511*p - 820. Is h(7) a prime number?
True
Let o = 338 - 335. Suppose 39*t + 107 = 3*d + 43*t, -d + 34 = o*t. Is d a composite number?
False
Let b = 205 - 48. Suppose -38*g + 35*g = -h + 734, 719 = h + 2*g. Suppose h = 5*o + 5*d, -d - d = -o + b. Is o a prime number?
True
Suppose 882*j = 867*j + 10543785. Is j a prime number?
False
Suppose 0 = -29*d + d + 14200508. Is d prime?
False
Let l(y) = 807*y**3 - 5*y**2 - 3*y - 19. Is l(12) prime?
False
Suppose -5805362 + 55570534 = 209*v - 5452419. Is v a composite number?
True
Suppose -4*y - 5*v - 328 = -914, -y - 5*v = -154. Let j = 313 - y. Is j composite?
True
Suppose 2*z = 4*c - 171254, 66*z - 63*z - 214084 = -5*c. Is c a composite number?
True
Let i(j) = 18*j**2 - 11. Let x be (-36)/45*70/4. Let a = 9 + x. Is i(a) a composite number?
False
Is ((-2)/12*2)/(394/(-737377698)) composite?
False
Suppose 0 = -16*f + 21*f + 139845. Let a = f + 47780. Is a a prime number?
False
Let g(u) = u + 3. Suppose 0 = -8*o + 7*o. Let h be g(o). Suppose 0*i + 4*x = -h*i + 1869, 2*x + 2492 = 4*i. Is i composite?
True
Is (-2*151/(-14))/(1090/17800790) composite?
True
Let y(w) = 77*w**2 - 38*w + 81. Is y(-26) a prime number?
False
Let f = 208 + -123. Let n(j) = -f*j + 5 - 58*j - 81*j. Is n(-4) a prime number?
False
Let z be -4 + (11 - ((-2)/2 - -2)). Suppose -4761 - 3273 = -z*m. Is m a composite number?
True
Suppose 4*r - 131418 = -2*r. Let q = r + -11145. Is q/30 + 6/15 a composite number?
False
Suppose -3*a = 2*n - 7154, 10744 = 4*n - n - 2*a. Let s be (6301 - -2)/(1 + 0). Let p = s - n. Is p composite?
True
Suppose 31*f + 15462 = 29*f. Let i = 26210 + f. Is i a composite number?
True
Suppose 0 = -2*l + 2*d + 1173 + 1157, -4*l = 4*d - 4676. Suppose -17451 = -6*r + l. Is r a prime number?
False
Let g be (5/15*9)/(6/8). Suppose -2*z = g*y - 8838, 2*z - 8775 - 23 = 4*y. Is z prime?
True
Suppose -5*x - 54 = -59. Suppose 2*t - 20 = s + x, 2*t - 3 = -5*s. Is (-2915)/(-135)*3 + 2/t a composite number?
True
Let h(z) = 30*z + 43. Suppose 742 = 17*d + 283. Is h(d) a prime number?
True
Suppose 13*j - 259 + 2755 = 0. Let f = -1 - j. Is f a prime number?
True
Let i(c) = -c**3 - c**2 + 2*c + 2. Let q be i(0). Suppose -q*n - 4094 = -4*n. Suppose -5*p - 5*g + g = -n, -5*p + g = -2032. Is p a prime number?
False
Suppose 102 = 25*u - 73. Suppose 26*n = 22*n + 52. Suppose u*r + 2910 = n*r. Is r prime?
False
Let v(t) = 72*t**2 - 3*t - 13. Let x be v(-7). Suppose -h + 268 = 5*a - 426, x = 5*h + 3*a. Is h composite?
False
Suppose 4*z = 4*l + 630932, -46189 = -2*z + 3*l + 269280. Let a = z - 101233. Is a/56 + 2/16 prime?
True
Suppose -2*u + 1518434 = 2*m, 0*u - 2277669 = -3*u + 3*m. Is (2/(-8))/(3 - u/253072) a composite number?
False
Let r = 62166 + -32387. Is r a composite number?
True
Suppose 230*n - 17704756 = -7*n + 25*n. Is n prime?
False
Let z be 280/210 + 4272/9. Suppose -p + 4*p + 195 = 0. Let o = p + z. Is o composite?
True
Suppose 17*m = 68893 - 268932. Let o = -6948 - m. Is o prime?
False
Let t = 58 - 55. Suppose 0 = -3*r - t*i + 13179, -i = -3*r + 5472 + 7699. Is r prime?
True
Let o = 2018 - 1366. Suppose o = 53*n - 55*n. Let r = 1869 + n. Is r composite?
False
Let h(y) = 3526*y**2 - 4*y + 19. Is h(-3) composite?
True
Let p = 141804 + -81305. Is p a prime number?
False
Suppose -457 = -4*t + 203. Let c(d) = -134*d + 3 + 124*d + 104*d + t*d. Is c(2) a prime number?
True
Suppose 2*i = -4*s - 11392 + 3136, 5*s - 5*i = -10305. Let y = 3902 + s. Is y composite?
True
Let v(l) be the second derivative of 0 + 2/3*l**4 - 13/2*l**2 - 1/2*l**3 + 9*l. Is v(-4) a prime number?
True
Let a = 423 + 1415. Suppose 0 = 7*b - 5*b + a. Let t = b + 1550. Is t a composite number?
False
Suppose -5*y + 203886 = 17*y - 51292. Is y a prime number?
False
Suppose -i = 2*v + 42356 - 2370119, 4*i = 2*v - 2327758. Is v a prime number?
False
Suppose 7*q - 11*q = 3*s - 702592, 0 = -2*q + 5*s + 351296. Suppose -12*i + 67016 = -q. Is i composite?
True
Suppose 0 = 2*y - 12 + 2. Suppose -y*o - 3*t = -4630, 2*o + 19*t = 14*t + 1833. Is o a composite number?
False
Suppose 3*g + 4*b + 429 = -0*b, -8*g - 4*b = 1164. Let a = -429 - -703. Let i = g + a. Is i composite?
False
Let m = -13146 - -235193. Is m composite?
True
Let u = 40400 - 11593. Is u a composite number?
False
Suppose 3*d - 14 = -74. Let m be (2/((-8)/d))/1. Suppose 4*l + m*u + 871 - 18210 = 0, -l - 5*u = -4316. Is l a prime number?
False
Let l(j) = -j**3 + 39*j**2 - 5*j - 154. Is l(-15) a prime number?
True
Suppose 5*v + 14 = 12*v. Suppose 3*i - v = 28. Suppose i*r = 7*r + 10059. Is r prime?
False
Let v = 35908 + 28155. Is v a composite number?
False
Let p = 6820 - 4843. Suppose 0 = 4*x - 0*x - 2*b - 10, 0 = -4*b - 20. Suppose x = 3*n - 0*n - p. Is n a prime number?
True
Let n be -13 + 19 + (10 - 0). Is (-1 - -2339 - (-13 + n)) + -2 composite?
False
Let d = 609 - -166. Suppose d + 1133 = 12*p. Suppose 3*z - w = 2*z + p, 0 = 5*z + 3*w - 827. Is z composite?
False
Suppose m = -4*x + 11, 0*x - 5 = -3*x - 4*m. Suppose -3*u + 2*k + 2135 = -2*k, -x*u = 4*k - 2143. Is u prime?
False
Let s(w) = -w**2 + 11*w - 20. Let x be s(9). Let r = 3 - x. Suppose -5*b + 250 = -p, -r*b - 3*p + 273 = 43. Is b a prime number?
False
Is (-1 + 2003413/3)*(-114)/(-2204)*29 composite?
True
Let b(x) = -14799*x**3 - 11*x**2 - 26*x - 13. Is b(-2) a composite number?
False
Suppose 5*i + 4*f = 464591, 3*i + 2*f - 108568 = 170185. Is i a composite number?
True
Let j(c) = 27*c**2 + 2 + 21*c - 8 - 25*c**2. Let y be j(-11). Is 10/25 - (-1263)/y prime?
False
Let c(r) = 3*r**3 + 2*r**2 - 6*r + 38. Let v be c(7). Let f be 29731/52 - 1/(-4). Let u = v - f. Is u a composite number?
True
Let r be ((-63)/6)/(2 - 33/18). Let l = -53 - r. Suppose l*c - 18*c + 4728 = 0. Is c a composite number?
True
Let q(n) = -6*n - 140. Let b be q(-24). Let w(z) = 14*z**3 + 6*z**2 - 8*z - 7. Is w(b) a composite number?
False
Let l(w) be the third derivative of 1033*w**5/60 + 7*w**4/12 - 9*w**3/2 + 32*w**2 - 2*w. Is l(2) a composite number?
False
Let o = -43 + 43. Suppose o = -4*q + 850 - 4266. Let p = -435 - q. Is p prime?
True
Suppose -4*l - 601222 = -3*u, -10*u + 14*u - 5*l - 801631 = 0. Is u composite?
True
Let m = -61 + 64. Suppose m = 4*p - 9. Suppose -4*k = 2*g - 3130, g + 3116 = p*g - 3*k. Is g a prime number?
False
Let g(p) = 2*p**3 - 34*p**2 - 92*p + 15. Is g(32) composite?
False
Let h = 7147 - 975. Suppose h = 2*w + 2*w. Is w a composite number?
False
Suppose -w = -4*j + 10, 2*w + 9 + 2 = 5*j. Suppose -j*x - 3*i + 31 = -2*i, 3*x - 39 = 3*i. Suppose x*p - 16*p = -470. Is p a prime number?
False
Let s = 147 - 13. Suppose -2*z = l + s, -5*l - 3*z = -l + 531. Let p = 537 - l. Is p composite?
True
Suppose -3*b + v = 4*v + 6, 6 = -4*b - 3*v. Suppose -14*u + 10*u + 74764 = b. Is u a prime number?
True
Suppose -5*x - 14 = 3*g, 0*g - 2 = g + x. Let u be (g - -8)*(3 - 25/10). Suppose -259 = -u*b + 3286. Is b prime?
True
Let n(y) be the second derivative of -56*y**3/3 + 89*y**2/2 + 5*y + 1. Is n(-15) composite?
True
Let j(m) be the third derivative of m**6/24 - m**5/15 + 7*m**4/8 - 7*m**3/6 - 5*m**2 + 10. Is j(9) composite?
True
Let b = 1085 + -24. Let c = -1604 + b. Let v = 936 + c. Is v composite?
True
Let x = 8158 + -3378. Let o = 8463 - x. Is o a composite number?
True
Let s = -149 - -153. Is ((-38)/s)/(4/(-5424 - -8)) prime?
False
Let s(l) = l**2 + 2*l - 1. Let a be s(1). Suppose -4*m + 4824 = a*w - 1750, 0 = 2*w + 2*m - 6564. Is w a composite number?
True
Let s = -10802 + 16216. Suppose 5*k = 3*k + s. Is k a prime number?
True
Suppose t + 2*b = 62149, 0 = -3*b + b + 2. Is t composite?
True
Is (-1581474)/(-4)*(1024/(-48) - -22) prime?
False
Is (8/4 + -5 + 4)*(-6 - -271159) composite?
True
Is (-503735 - 7*(-20)/70)*4/(-6) a prime number?
False
Suppose 4*j + 2*w = -2*w + 213984, -5*j - 4*w = -267480. Is 46/(-161) - j/(-7) prime?
False
Let x be ((-2)/(-6))/(-5 + 4)*-141. Let v(f) = -537*f + x*f - 46 + 33. Is v(-2) composite?
False
Let i be (-1)/(-1) + (1185 - -2). Suppose -o - 3 = 0, -2*r - 2*r + 104 = -4*o. Let a = i + r. Is a prime?
False
Let c be 3/(-12) - (-80905)/20. Suppose -2*u + 913 = -